*v**2 + 5*v + 3. Let p be g(-5). Determine a(p).
1
Suppose 4*b - 24 = 3*w, 3*b = 866*w - 867*w + 18. Let f(i) = -i**2 - 4*i - 16. Give f(w).
-16
Suppose 7*y = -2*q + 3*y + 14, 3*y = -4*q + 23. Let m(d) = 4*d + 6 + q*d**2 - 4*d**2 - 9*d. Suppose 5*t = 4*t + 7. Determine m(t).
20
Let d(k) be the third derivative of k**6/120 + k**5/6 + 3*k**4/8 - 2*k**3 - 337*k**2. Give d(-9).
-12
Let r(d) = 2*d**3 + d**2 - d - 2. Suppose -4*g = -2*w + 64, -3*w - 2*g = -8*w + 136. Suppose 12*m = -m - w. What is r(m)?
-12
Let f(z) = -z + 1. Let q be (-1)/(0 - -1) + 47. Let y = -568 - -616. Let t = q - y. What is f(t)?
3
Suppose 515*k = 519*k + 40. Let o(w) = -w**3 - 9*w**2 + 7*w + 4. Calculate o(k).
34
Let c(g) be the third derivative of 7*g**4/12 - 15*g**3 + 1043*g**2. What is c(7)?
8
Let a = -152 + 86. Let q be a/110*(-75)/9. Let r(g) = g**2 - 5*g + 2. Determine r(q).
2
Let f(h) = 5*h + 68. Let x(t) = 6*t + 79. Let k(i) = 5*f(i) - 4*x(i). Give k(-10).
14
Let g(f) be the first derivative of -f**4/2 + f**3 - f**2/2 - 1642. What is g(2)?
-6
Let o(t) = 6*t**3 - 7*t**2 - 2*t + 1. Let i(j) = j**3. Let z(p) = -5*i(p) + o(p). Let u = 698 + -358. Let f = u - 333. Calculate z(f).
-13
Let d(l) be the second derivative of l**4/12 - 5*l**3/3 + 2*l**2 - 2*l. Let m be (-968)/(-132) - 4/(-6). Give d(m).
-12
Let j(a) = -4*a**3 - 40*a**2 - 2. Let o be j(-10). Let m(z) = -z**3 + z**2 + 5*z + 8. Give m(o).
10
Suppose 2*u = 3*i - 538, 6*u - 722 = -4*i + 4*u. Let f = 186 - i. Let b(r) = -r - 6. What is b(f)?
-12
Let w(m) = m**3 - 30*m**2 + 130*m - 105. Let f be w(25). Let d(s) = -s**2 + 17*s - 4. What is d(f)?
-64
Let a(k) = -7 - 5*k + 3*k + 2*k + 2*k. Let w(i) = -8*i - 52. Let l(z) = 7*z + 40. Let y(o) = -5*l(o) - 4*w(o). Let p(q) = -4*a(q) - 3*y(q). Calculate p(5).
9
Let h(b) = 0*b**2 - 5180*b + 10364*b - 20 + 18 - 5185*b - 5*b**2. Let i(l) = l - 3. Let r be i(0). Determine h(r).
-44
Let k(n) be the third derivative of -n**6/60 - 7*n**5/60 - 5*n**4/24 - 2*n**3/3 + 85*n**2 + 1. Give k(-4).
32
Let h = -410 + 413. Let r(u) = 190*u - 95*u + 1 - u**h + 10*u**2 - 95*u. Suppose -4*v - a + 39 = -2, -33 = -3*v - 3*a. Determine r(v).
1
Let p(u) be the second derivative of 9*u**5/10 + u**4/4 - u**3/2 - 18*u - 5. Give p(1).
18
Let g = 47757 + -47753. Let o(v) = 2*v**3 - 10*v**2 - 3*v + 14. Give o(g).
-30
Suppose 5*u - 158 = -138. Let l(r) = -5*r + 2. Let i(j) = -5*j + 1. Let h(o) = u*i(o) - 5*l(o). Calculate h(4).
14
Let l(i) = 6*i + 34. Suppose 5*n = -4*d - 21, 2*n - 21*d + 12 = -19*d. Calculate l(n).
4
Let p(m) = 12*m**3 - 23*m**2 - 23*m - 6. Let h(f) = -17*f**3 + 34*f**2 + 34*f + 10. Let c(x) = 5*h(x) + 7*p(x). Let r = -4 + 14. What is c(r)?
-2
Suppose -88 = 29*j - 59. Let h(b) = 7 - 1 - 16*b - 6 + 1. Give h(j).
17
Let p(w) = 6*w + 3*w**2 - 34 - 42 - 2*w**3 + 110 - 28. Calculate p(-2).
22
Let t(d) = -10*d + 256*d**2 + 6 + 2*d**3 - 455*d**2 + 191*d**2. Give t(5).
6
Let u be ((-17)/(-68))/((-14)/16 + 1). Let z(x) = -39 + 70 - 29 - x**2 + 2*x**3 - u*x. Calculate z(2).
10
Let v(s) = s**2 - 5*s + 3. Let x = -6820 + 6824. Give v(x).
-1
Suppose 3 + 24 = 9*m. Let z(h) = -1325*h + 3*h**2 - h**3 + 665*h + 661*h. Give z(m).
3
Let k(f) be the third derivative of -2/3*f**3 + 0 + 7*f**2 - 1/20*f**5 + 0*f - 5/24*f**4. Let h(b) = -b**2 + 8*b - 19. Let c be h(4). What is k(c)?
-16
Let j(c) = -11*c**2 + c - 23. Let t(r) = 13*r**2 + 2*r + 23. Let w(n) = 6*j(n) + 5*t(n). Determine w(11).
32
Let f = -405 - -418. Suppose -f*v - 13 - 65 = 0. Let j(g) = -3*g - 13. What is j(v)?
5
Let u(x) be the first derivative of x**4/12 - 7*x**2/2 + 55*x - 65. Let g(o) be the first derivative of u(o). Determine g(-3).
2
Suppose -f + 5*m = 2*f - 33, 0 = 2*f + 3*m - 3. Suppose f - 22 = -4*k. Let v(h) = -5*h**2 + 4 - 5 + k*h**2 + 3*h - 3. Calculate v(3).
-4
Let l(r) = 0*r**2 - 3*r + 0*r**2 - 9 + r**2. Suppose 805*o + 235 = 852*o. Determine l(o).
1
Let f(k) = -5*k + 137. Let d be f(26). Let t(q) = 0 - 4*q - 1 + d*q. What is t(3)?
8
Let t(l) be the first derivative of -l**4/4 - 2*l**3/3 - l**2/2 - 652. Give t(0).
0
Suppose -33*q + 31*q = -10. Let j(d) = -d**3 + 859*d**2 - 853*d**2 + q*d + 0*d**3 + 9. Let y be (5 + -1)*14*(-3)/(-24). Determine j(y).
-5
Suppose -5*y - 19 = 11. Let z(p) = -852 + 1708 + 2*p**2 - p**2 - 849 + 7*p. Give z(y).
1
Let d(x) = -35*x - 5. Let o = 4273 + -4276. Give d(o).
100
Let j(i) be the second derivative of 1/4*i**4 - 3/2*i**2 + 4*i + 1/3*i**3 + 5. Give j(2).
13
Let o be (12/8)/((-1)/32). Let x = o + 46. Let g(s) be the second derivative of s**3/2 - s**2/2 + 32*s - 1. Calculate g(x).
-7
Suppose 4*j - 3*d = 5*j + 6, -j - 5 = 4*d. Let i(u) = u**2 + 8*u - 2. Let w(b) = 1. Let f(s) = i(s) - 3*w(s). What is f(j)?
4
Let p(d) = -5*d - 17. Let u(h) = 2*h**3 - 36*h**2 + 2*h - 33. Let b be u(18). What is p(b)?
-32
Let m(g) = 2 + 4*g - 3*g**2 + 2*g**2 - 3*g**2 + 7*g**2. Suppose 6 = 6*c + 18. Calculate m(c).
6
Let s = -365 + 368. Let r(w) = -22872 - 3*w + 22910 - s*w. Give r(7).
-4
Let i(h) = -h**2 - 11*h + 31 - 2 + 30*h + 0 - 31*h. What is i(-16)?
-35
Let z(p) = -2*p**3 + 8*p**2 - 83*p + 238. Let r be z(3). Let b(h) = 29*h - 218. What is b(r)?
-15
Let r(k) be the second derivative of -k**6/40 - k**5/30 - k**4/12 - k**3/6 + 27*k**2/2 + 86*k. Let v(n) be the first derivative of r(n). Give v(-1).
2
Let g(k) = -k + 17. Suppose 2*f - 222 = -4*a + 178, 0 = -3*f + 4*a + 600. Let i = -186 + f. Give g(i).
3
Let w be (-11 - -9)/((-9)/72). Let m(n) = -n**3 + 15*n**2 + 9*n + 15. Determine m(w).
-97
Suppose 18 = -7*m - 3. Let t be (36/m)/((-6)/(-9)). Let h be t/10 - (-4)/5. Let i(u) = 2*u**3 - u**2 - u. Give i(h).
-2
Suppose l = -l - 10. Let z be ((-50)/(-20))/((5/(-2))/l). Let t(d) = -d**3 + 6*d**2 - 7*d + 5. Determine t(z).
-5
Let h(t) = t**2 - 270 + 529 - 263 - 2*t. Let i = -31 + 43. Let z be (8 - i)*(-1 + 0). What is h(z)?
4
Let u = 6990 - 6956. Let r(q) = 2*q**2 - 69*q + 49. Give r(u).
15
Let x(b) = -b**3 + 7*b**2 - 12*b - 17. Let g(l) = -4*l**3 + 21*l**2 - 37*l - 51. Let u(d) = -2*g(d) + 7*x(d). Calculate u(-8).
-1
Let c be 4 - (0 + (-1)/(-1)). Let i(f) = 2*f - 10. Let x be i(8). Let y(w) = -x*w + c*w + 0*w + 4*w - 1. What is y(7)?
6
Let a(k) = 12 + 259*k - 107*k - 153*k + 0. What is a(13)?
-1
Suppose -7 = 8*d + 17. Suppose -7 = -x + m + m, -4*x + 21 = -m. Let i(g) = 0 + g - x*g + 2 - 4. Give i(d).
10
Let x(d) = -d + 11. Suppose -18*u = -27*u + 432. Suppose 6*o - u = -96. Give x(o).
19
Let y be 5/(-2)*((-88)/(-10) + -4). Let s(j) be the third derivative of -j**4/24 - 5*j**3/2 - 46*j**2. Determine s(y).
-3
Let h(s) be the third derivative of -s**6/120 + s**5/6 - s**4/24 + 4*s**3/3 - s**2 - 33*s. Determine h(10).
-2
Let a = -144 + 146. Let c(g) = -a*g - 187 + 176 + g. Determine c(-5).
-6
Let h(a) be the second derivative of -a**4/6 - a**3 + 128*a**2 - 3*a + 170. Determine h(-13).
-4
Let u(a) = -41*a - 382. Let b(o) = 177*o + 1521. Let t(z) = 5*b(z) + 21*u(z). What is t(17)?
-9
Let k(i) = -13*i**3 - 18*i**2 + 33*i + 37. Let t be k(-2). Let w(b) be the first derivative of -b**4/4 + b**3/3 + b**2 + 4*b - 1. What is w(t)?
-8
Let b(l) = -l**2 - 6*l + 4. Suppose -8*x + 5*x + 21 = 0. Suppose -c + x*c = 0. Suppose c = -3*a - 11 - 10. Determine b(a).
-3
Let h(x) = -5*x**3 + 5*x**2 - 10*x + 2. Let c(g) = -6*g**3 + 7*g**2 - 15*g + 3. Let f(v) = -2*c(v) + 3*h(v). Let a = 45 - 44. Determine f(a).
-2
Suppose 0 = 8*j - 4783 + 4719. Let q(b) = -53*b + 437. Calculate q(j).
13
Let y(h) be the second derivative of -h**4/12 + 3*h**3/2 + 39*h**2/2 - 2*h - 700. Determine y(11).
17
Let d(j) = j + 6. Let a = 65 + -63. Suppose a*f + 8*f = 20. Suppose 3*g - 3 - 2 = -4*m, -3*m + 2 = f*g. What is d(g)?
13
Let a(i) = -i**3 + 2*i**2 + 8*i - 10. Let f = -9234 + 9237. What is a(f)?
5
Let x be (-2)/5 + (-6648)/(-120). Suppose -50*m - 25 = -x*m. Let h(d) = -4*d + 3. What is h(m)?
-17
Let p(m) = -m**2 + 5*m + 8. Let r be 13 + ((-13)/((-117)/126))/(-2). Determine p(r).
2
Let i(n) = 92*n + 33. Let x be i(4). Let b = x + -398. Let t(o) = o**3 - 4*o**2 + 3*o + 4. Calculate t(b).
4
Let f(v) = -v**3 - 9*v**2 - 3*v + 45. Let h = 8074 + -8082. Calculate f(h).
5
Let o(d) = d**3 + 3*d**2 - 19*d + 5. Suppose 2*j + 7 = -5*p, 0 = 41*j - 42*j + 5*p - 11. Determine o(j).
11
Let k(j) = j**3 + 2*j**2 - 10*j - 18. Let b be k(-5). Let r = b - -46. Let h(m) be the first deriv